umber?
True
Is 386605703 prime?
False
Is 1375259 a composite number?
True
Is 384673 prime?
True
Is 6521867 a composite number?
True
Is 158845859 composite?
False
Is 385699901 composite?
True
Is 271110977 prime?
False
Is 22340251 composite?
False
Is 7534601 prime?
True
Is 18845413 a composite number?
True
Is 85782589 prime?
True
Is 12881489 prime?
False
Is 59448271 a composite number?
False
Is 8686877 composite?
False
Is 5110211 prime?
True
Is 1119046 prime?
False
Is 123369503 a composite number?
True
Is 5134341 a prime number?
False
Is 272029 a prime number?
True
Is 7075741 a composite number?
False
Is 277363 prime?
True
Is 5314391 prime?
True
Is 905 a prime number?
False
Is 1688807 a prime number?
False
Is 748003 composite?
False
Is 174015191 a prime number?
False
Is 2268601 a composite number?
True
Is 1915429 composite?
True
Is 14637419 prime?
True
Is 40583833 composite?
False
Is 950399 prime?
False
Is 15496207 prime?
False
Is 231161 a prime number?
False
Is 177572301 prime?
False
Is 4960027 composite?
False
Is 16249787 composite?
True
Is 115444913 a prime number?
False
Is 3173981 prime?
False
Is 1491181 composite?
True
Is 4523209 prime?
False
Is 58543735 prime?
False
Is 43734013 a composite number?
True
Is 23989271 a prime number?
True
Is 268264069 a composite number?
False
Is 121929779 a prime number?
False
Is 6086995 a prime number?
False
Is 10625749 prime?
False
Is 30788399 prime?
True
Is 3154259 a prime number?
True
Is 257050226 a composite number?
True
Is 452363 composite?
False
Is 152917945 a composite number?
True
Is 125052959 composite?
True
Is 15789457 prime?
True
Is 1827949 prime?
True
Is 5595037 a prime number?
False
Is 6314963 a prime number?
True
Is 4933709 a prime number?
False
Is 1547641 prime?
True
Is 154853 a composite number?
True
Is 1302607 prime?
True
Is 1143509109 prime?
False
Is 2523839 a prime number?
True
Is 26062549 prime?
True
Is 846282251 a prime number?
True
Is 1849202 a prime number?
False
Is 2054791 a composite number?
False
Is 23432527 prime?
True
Is 5327381 a prime number?
False
Is 84051559 composite?
False
Is 84997867 prime?
False
Is 25994879 composite?
False
Is 80807261 prime?
True
Is 546197411 prime?
True
Is 1064507 a composite number?
False
Is 107334193 prime?
True
Is 2814083 composite?
False
Is 4422263 prime?
True
Is 53210681 prime?
True
Is 1825559 prime?
False
Is 30208943 a composite number?
True
Is 1148681 composite?
False
Is 140385211 a composite number?
True
Is 10575399 composite?
True
Is 8383069 prime?
True
Is 2326633 prime?
True
Is 6815542 composite?
True
Is 78545113 a composite number?
False
Is 3835747 composite?
False
Is 631447 a composite number?
True
Is 134377781 a prime number?
True
Is 5122621 composite?
True
Is 104833673 prime?
False
Is 9537077 a composite number?
True
Is 210633063 prime?
False
Is 8791226 a prime number?
False
Is 1222646 prime?
False
Is 938563 a composite number?
False
Is 10616713 a prime number?
False
Is 1151760061 prime?
False
Is 835787797 a composite number?
True
Is 180270763 a prime number?
True
Is 3536501 composite?
False
Is 486079 composite?
True
Is 2470651 a composite number?
True
Is 24042559 a prime number?
False
Is 45831549 a prime number?
False
Is 26174531 prime?
False
Is 832291 a prime number?
True
Is 3225161 a composite number?
False
Is 22211483 a composite number?
True
Is 32102419 a composite number?
True
Is 69246131 a composite number?
True
Is 330264913 prime?
False
Is 62018999 a composite number?
True
Is 128167613 a composite number?
True
Is 468499 a composite number?
False
Is 4853273 prime?
True
Is 201212485 a composite number?
True
Is 37661786 a composite number?
True
Is 99695467 a prime number?
False
Is 1427729 a prime number?
False
Is 1350247 composite?
False
Is 82548437 composite?
False
Is 1520747 a composite number?
False
Is 106681423 a prime number?
True
Is 7588909 a composite number?
True
Is 26776569 composite?
True
Is 636529253 composite?
False
Is 23055229 a prime number?
True
Is 131799179 composite?
True
Is 215239 a composite number?
False
Is 263027293 a composite number?
True
Is 55985927 composite?
True
Is 33957491 a prime number?
True
Is 57502157 composite?
True
Is 1078558841 composite?
False
Is 9912689 a prime number?
True
Is 312213163 a prime number?
True
Is 183151 composite?
False
Is 25080031 a prime number?
True
Is 8195267 prime?
True
Is 54397229 prime?
False
Is 2447437 a prime number?
True
Is 22242707 a composite number?
False
Is 5189783 a prime number?
True
Is 91200637 a prime number?
False
Is 754253 prime?
False
Is 8837677 a prime number?
True
Is 32025109 a composite number?
True
Is 81902173 prime?
False
Is 47288341 composite?
True
Is 22129883 composite?
True
Is 61952123 prime?
False
Is 9809729 a prime number?
False
Is 518946901 a prime number?
False
Is 1109609 composite?
False
Is 305930839 prime?
True
Is 38802337 composite?
True
Is 8646017 a prime number?
True
Is 76302701 a composite number?
True
Is 175709571 a prime number?
False
Is 307445423 a prime number?
True
Is 49533283 a prime number?
False
Is 210273727 a composite number?
False
Is 47542529 prime?
True
Is 698393651 composite?
False
Is 213538159 composite?
False
Is 1754059 prime?
False
Is 71393381 composite?
False
Is 61069 a composite number?
True
Is 23859673 a composite number?
False
Is 178258631 prime?
True
Is 197459 composite?
True
Is 17397529 a composite number?
False
Is 31460647 composite?
False
Is 420542929 a composite number?
False
Is 504590299 a composite number?
False
Is 23039981 prime?
False
Is 6062213 composite?
False
Is 43394891 prime?
False
Is 11481647 a prime number?
False
Is 2184163 a composite number?
True
Is 8173511 a composite number?
True
Is 48490345 a composite number?
True
Is 36721483 composite?
False
Is 95713061 prime?
False
Is 3446761 a prime number?
True
Is 85758503 composite?
True
Is 254950427 a composite number?
False
Is 1970459 composite?
False
Is 108836653 a prime number?
True
Is 53357 composite?
True
Is 8906323 prime?
False
Is 38290709 prime?
True
Is 184228931 composite?
True
Is 37715459 a prime number?
True
Is 2843083 a prime number?
False
Is 9692879 a prime number?
False
Is 367129109 composite?
False
Is 5116039 composite?
False
Is 79371139 a composite number?
False
Is 1852363 composite?
False
Is 1490081 prime?
True
Is 7858247 a composite number?
True
Is 33063017 composite?
True
Is 50092481 a prime number?
False
Is 36454967 composite?
False
Is 223940209 a composite number?
True
Is 1906609 a composite number?
True
Is 417022349 composite?
True
Is 34981 composite?
False
Is 1324028911 a composite number?
False
Is 732373 composite?
False
Is 301439893 composite?
False
Is 8944505 a composite number?
True
Is 1255027 prime?
False
Is 6468509 composite?
False
Is 5215579 a composite number?
False
Is 1045273 prime?
True
Is 888721 composite?
False
Is 10586579 a composite number?
False
Is 45706231 prime?
False
Is 253229 composite?
False
Is 2806439 a composite number?
False
Is 9627353 prime?
True
Is 3901435 a composite number?
True
Is 8941539 prime?
False
Is 37867499 prime?
False
Is 259538431 a prime number?
True
Is 13794017 prime?
True
Is 231047 a composite number?
True
Is 8899337 a composite number?
True
Is 177413939 prime?
True
Is 4401269 a composite number?
False
Is 124652609 a prime number?
True
Is 6918985 a prime number?
False
Is 74929667 a prime number?
True
Is 3790749 a prime number?
False
Is 1106366951 a prime number?
True
Is 1632599 prime?
True
Is 1246027 a composite number?
True
Is 136545371 a composite number?
True
Is 260043457 a composite number?
False
Is 59291783 prime?
True
Is 230599 a composite number?
True
Is 66068151 composite?
True
Is 108257883 a composite number?
True
Is 8810987 a prime number?
True
Is 5580842 a composite number?
True
Is 7972429 a composite number?
False
Is 14206073 a prime number?
False
Is 399229073 prime?
True
Is 230663213 prime?
False
Is 180811051 composite?
False
Is 1696813 composite?
True
Is 166330673 a composite number?
True
Is 112809029 prime?
True
Is 2015339 a prime number?
True
Is 5093801 composite?
False
Is 9413 a prime number?
True
Is 15915335 a composite number?
True
Is 27834571 a prime number?
True
Is 1576858 prime?
False
Is 556717 a composite number?
True
Is 14836021 a prime number?
True
Is 96956611 a prime number?
F